{"id":91,"date":"2023-09-20T20:45:10","date_gmt":"2023-09-20T20:45:10","guid":{"rendered":"http:\/\/rot-weiss-kollbachtal.bayern\/?page_id=91"},"modified":"2023-09-20T20:51:01","modified_gmt":"2023-09-20T20:51:01","slug":"informationspflicht","status":"publish","type":"page","link":"https:\/\/rot-weiss-kollbachtal.bayern\/?page_id=91","title":{"rendered":"Informationspflicht"},"content":{"rendered":"\n<h2 class=\"wp-block-heading\"><\/h2>\n\n\n\n<p>Informationspflicht (\u00a713 und14 DSGVO)<br>Nach Artikel 13 und 14 EU-DSGVO hat der Verantwortliche einer betroffenen Person, deren Daten er verarbeitet, die in den Artikeln genannten Informationen bereit zu stellen. Dieser Informationspflicht kommt wir an dieser Stelle nach.<\/p>\n\n\n\n<p>Identit\u00e4t des Verantwortlichen<br>Rot-Weiss-Kollbachtal e.V. <br>1. Vorstand Christian Regirt<br>84333 Malgersdorf<\/p>\n\n\n\n<p>Zwecke, f\u00fcr die personenbezogenen Daten verarbeitet werden<br>Die personenbezogenen Daten werden f\u00fcr die Durchf\u00fchrung des Mitgliedschaftsverh\u00e4ltnisses verarbeitet (z.B. Einladung zu Versammlungen, Beitragseinzug, Organisation des Sportbetriebes).<\/p>\n\n\n\n<p>Dar\u00fcber hinaus werden personenbezogene Daten im Zusammenhang mit sportlichen Ereignissen einschlie\u00dflich der Berichterstattung hier\u00fcber auf der Internetseite des Vereins, in Auftritten des Vereins in Sozialen Medien sowie auf Seiten der Fachverb\u00e4nde ver\u00f6ffentlicht und an lokale, regionale und \u00fcberregionale Printmedien \u00fcbermittelt.<\/p>\n\n\n\n<p>Rechtsgrundlagen, auf Grund derer die Verarbeitung erfolgt<br>Die Verarbeitung der personenbezogenen Daten erfolgt in der Regel aufgrund der Erforderlichkeit zur Erf\u00fcllung eines Vertrages gem\u00e4\u00df Artikel 6 Abs. 1 lit. b) DSGVO. Bei den Vertragsverh\u00e4ltnissen handelt es sich in erster Linie um das Mitgliedschaftsverh\u00e4ltnis im Verein und um die Teilnahme am Spielbetrieb der Fachverb\u00e4nde.<br>Werden personenbezogene Daten erhoben, ohne dass die Verarbeitung zur Erf\u00fcllung des Vertrages erforderlich ist, erfolgt die Verarbeitung aufgrund einer Einwilligung nach Artikel 6 Abs. 1 lit. a) i.V.m. Artikel 7 DSGVO.<br>Die Ver\u00f6ffentlichung personenbezogener Daten im Internet oder in lokalen, regionalen oder \u00fcber-regionalen Printmedien erfolgt zur Wahrung berechtigter Interessen des Vereins (vgl. Artikel 6 Abs. 1 lit. f) DSGVO). Das berechtigte Interesse des Vereins besteht in der Information der \u00d6ffentlichkeit durch Berichtserstattung \u00fcber die Aktivit\u00e4ten des Vereins. In diesem Rahmen werden personenbezogene Daten einschlie\u00dflich von Bildern der Teilnehmer zum Beispiel im Rahmen der Berichterstattung \u00fcber sportliche Ereignisse des Vereins ver\u00f6ffentlicht.<\/p>\n\n\n\n<p>Die Empf\u00e4nger oder Kategorien von Empf\u00e4ngern der personenbezogenen Daten<br>Personenbezogene Daten der Mitglieder, die am Spiel- und Wettkampfbetrieb des BTV teilnehmen, werden zum Erwerb einer Lizenz, eines Spielerpasses oder sonstiger Teilnahmeberechtigung an den BTV weitergegeben.<\/p>\n\n\n\n<p>Die personenbezogenen Daten werden f\u00fcr die Dauer der Mitgliedschaft gespeichert.<\/p>\n\n\n\n<p>Mit Beendigung der Mitgliedschaft werden die Datenkategorien gem\u00e4\u00df den gesetzlichen Aufbewahrungsfristen weitere zehn Jahre vorgehalten und dann gel\u00f6scht. In der Zeit zwischen Beendigung der Mitgliedschaft und der L\u00f6schung wird die Verarbeitung dieser Daten eingeschr\u00e4nkt.<\/p>\n\n\n\n<p>Bestimmte Datenkategorien werden zum Zweck der Vereinschronik im Vereinsarchiv gespeichert. Hierbei handelt es sich um die Kategorien Vorname, Nachname, Zugeh\u00f6rigkeit zu einer Mannschaft, besondere sportliche Erfolge oder Ereignisse, an denen die betroffene Person mitgewirkt hat. Der Speicherung liegt ein berechtigtes Interesse des Vereins an der zeitgeschichtlichen Dokumentation von sportlichen Ereignissen und Erfolgen und der jeweiligen Zusammensetzung der Mannschaften zugrunde.<\/p>\n\n\n\n<p>Alle Daten der \u00fcbrigen Kategorien (z.B. Anschrift, Kontaktdaten) werden 2 Jahre Tage nach Beendigung der Mitgliedschaft gel\u00f6scht.<\/p>\n\n\n\n<p>Der betroffenen Person stehen unter den in den Artikeln jeweils genannten Voraussetzungen die nachfolgenden Rechte zu:<br>das Recht auf Auskunft nach Artikel 15 DSGVO,<br>das Recht auf Berichtigung nach Artikel 16 DSGVO,<br>das Recht auf L\u00f6schung nach Artikel 17 DSGVO,<br>das Recht auf Einschr\u00e4nkung der Verarbeitung nach Artikel 18 DSGVO,<br>das Recht auf Daten\u00fcbertragbarkeit nach Artikel 20 DSGVO,<br>das Widerspruchsrecht nach Artikel 21 DSGVO,<br>das Recht auf Beschwerde bei einer Aufsichtsbeh\u00f6rde nach Artikel 77 DSGVO<br>das Recht, eine erteilte Einwilligung jederzeit widerrufen zu k\u00f6nnen, ohne dass die Recht-m\u00e4\u00dfigkeit der aufgrund der Einwilligung bis zum Widerruf erfolgten Verarbeitung hierdurch ber\u00fchrt wird.<\/p>\n\n\n\n<p>Die personenbezogenen Daten werden grunds\u00e4tzlich im Rahmen des Erwerbs der Mitgliedschaft erhoben.<\/p>\n\n\n\n<p>Betroffene haben das Recht, sich an die zust\u00e4ndige Aufsichtsbeh\u00f6rde zu wenden, die f\u00fcr den Verein zust\u00e4ndig ist:<br>Das Bayrische Landesamt f\u00fcr Datenschutzaufsicht in Ansbach.<\/p>\n\n\n\n<p>Begriffsbestimmungen<br>a) personenbezogene Daten<br>Personenbezogene Daten sind alle Daten und Informationen, einer identifizierten oder identifizierbaren nat\u00fcrlichen Person (Betroffener). Als identifizierbar wird ein Betroffener angesehen, der direkt oder indirekt, durch Zuordnung zu einer Kennung wie einem Namen, zu einer Kennnummer, zu Standortdaten, zu einer Online-Kennung oder zu einem oder mehreren besonderen Merkmalen, die Ausdruck der physischen, physiologischen, genetischen, psychischen, wirtschaftlichen, kulturellen oder sozialen Identit\u00e4t dieser nat\u00fcrlichen Person sind, identifiziert werden kann.<br>b) Betroffene<br>Betroffene sind Personen deren personenbezogene Daten durch den Verantwortlichen verarbeitet werden.<br>c) Verarbeitung<br>Verarbeitung ist jeder Vorgang oder Vorgangsreihe im Zusammenhang mit personenbezogenen Daten wie das Erheben, das Erfassen, die Organisation, das Ordnen, die Speicherung, die Anpassung oder Ver\u00e4nderung, das Auslesen, das Abfragen, die Verwendung, die Offenlegung durch \u00dcbermittlung, Verbreitung oder eine andere Form der Bereitstellung, den Abgleich oder die Verkn\u00fcpfung, die Einschr\u00e4nkung, das L\u00f6schen oder die Vernichtung.<br>d) Verantwortlicher<br>Verantwortlicher oder f\u00fcr die Verarbeitung Verantwortlicher ist das Unternehmen oder die Person, Beh\u00f6rde, Einrichtung oder andere Stelle, die allein oder gemeinsam mit anderen \u00fcber die Verarbeitung der personenbezogenen Daten entscheidet.<br>e) Einwilligung<br>Einwilligung ist jede von der betroffenen Person freiwillig f\u00fcr einen bestimmten Fall in informierter und unmissverst\u00e4ndlich Weise abgegebene Erkl\u00e4rung oder einer sonstigen eindeutigen best\u00e4tigenden Handlung, mit der die betroffene Person zu verstehen gibt, dass sie mit der Verarbeitung der sie betreffenden personenbezogenen Daten einverstanden ist.<\/p>\n","protected":false},"excerpt":{"rendered":"<p>Informationspflicht (\u00a713 und14 DSGVO)Nach Artikel 13 und 14 EU-DSGVO hat der Verantwortliche einer betroffenen Person, deren Daten er verarbeitet, die in den Artikeln genannten Informationen bereit zu stellen. Dieser Informationspflicht [&hellip;]<\/p>\n","protected":false},"author":1,"featured_media":0,"parent":0,"menu_order":0,"comment_status":"closed","ping_status":"closed","template":"","meta":{"site-sidebar-layout":"default","site-content-layout":"","ast-site-content-layout":"default","site-content-style":"default","site-sidebar-style":"default","ast-global-header-display":"","ast-banner-title-visibility":"","ast-main-header-display":"","ast-hfb-above-header-display":"","ast-hfb-below-header-display":"","ast-hfb-mobile-header-display":"","site-post-title":"","ast-breadcrumbs-content":"","ast-featured-img":"","footer-sml-layout":"","ast-disable-related-posts":"","theme-transparent-header-meta":"","adv-header-id-meta":"","stick-header-meta":"","header-above-stick-meta":"","header-main-stick-meta":"","header-below-stick-meta":"","astra-migrate-meta-layouts":"default","ast-page-background-enabled":"default","ast-page-background-meta":{"desktop":{"background-color":"var(--ast-global-color-4)","background-image":"","background-repeat":"repeat","background-position":"center center","background-size":"auto","background-attachment":"scroll","background-type":"","background-media":"","overlay-type":"","overlay-color":"","overlay-opacity":"","overlay-gradient":""},"tablet":{"background-color":"","background-image":"","background-repeat":"repeat","background-position":"center center","background-size":"auto","background-attachment":"scroll","background-type":"","background-media":"","overlay-type":"","overlay-color":"","overlay-opacity":"","overlay-gradient":""},"mobile":{"background-color":"","background-image":"","background-repeat":"repeat","background-position":"center center","background-size":"auto","background-attachment":"scroll","background-type":"","background-media":"","overlay-type":"","overlay-color":"","overlay-opacity":"","overlay-gradient":""}},"ast-content-background-meta":{"desktop":{"background-color":"var(--ast-global-color-5)","background-image":"","background-repeat":"repeat","background-position":"center center","background-size":"auto","background-attachment":"scroll","background-type":"","background-media":"","overlay-type":"","overlay-color":"","overlay-opacity":"","overlay-gradient":""},"tablet":{"background-color":"var(--ast-global-color-5)","background-image":"","background-repeat":"repeat","background-position":"center center","background-size":"auto","background-attachment":"scroll","background-type":"","background-media":"","overlay-type":"","overlay-color":"","overlay-opacity":"","overlay-gradient":""},"mobile":{"background-color":"var(--ast-global-color-5)","background-image":"","background-repeat":"repeat","background-position":"center center","background-size":"auto","background-attachment":"scroll","background-type":"","background-media":"","overlay-type":"","overlay-color":"","overlay-opacity":"","overlay-gradient":""}},"_price":"","_stock":"","_tribe_ticket_header":"","_tribe_default_ticket_provider":"","_tribe_ticket_capacity":"0","_ticket_start_date":"","_ticket_end_date":"","_tribe_ticket_show_description":"","_tribe_ticket_show_not_going":false,"_tribe_ticket_use_global_stock":"","_tribe_ticket_global_stock_level":"","_global_stock_mode":"","_global_stock_cap":"","_tribe_rsvp_for_event":"","_tribe_ticket_going_count":"","_tribe_ticket_not_going_count":"","_tribe_tickets_list":"[]","_tribe_ticket_has_attendee_info_fields":false,"footnotes":"","_tec_slr_enabled":"","_tec_slr_layout":""},"class_list":["post-91","page","type-page","status-publish","hentry"],"ticketed":false,"_links":{"self":[{"href":"https:\/\/rot-weiss-kollbachtal.bayern\/index.php?rest_route=\/wp\/v2\/pages\/91","targetHints":{"allow":["GET"]}}],"collection":[{"href":"https:\/\/rot-weiss-kollbachtal.bayern\/index.php?rest_route=\/wp\/v2\/pages"}],"about":[{"href":"https:\/\/rot-weiss-kollbachtal.bayern\/index.php?rest_route=\/wp\/v2\/types\/page"}],"author":[{"embeddable":true,"href":"https:\/\/rot-weiss-kollbachtal.bayern\/index.php?rest_route=\/wp\/v2\/users\/1"}],"replies":[{"embeddable":true,"href":"https:\/\/rot-weiss-kollbachtal.bayern\/index.php?rest_route=%2Fwp%2Fv2%2Fcomments&post=91"}],"version-history":[{"count":2,"href":"https:\/\/rot-weiss-kollbachtal.bayern\/index.php?rest_route=\/wp\/v2\/pages\/91\/revisions"}],"predecessor-version":[{"id":98,"href":"https:\/\/rot-weiss-kollbachtal.bayern\/index.php?rest_route=\/wp\/v2\/pages\/91\/revisions\/98"}],"wp:attachment":[{"href":"https:\/\/rot-weiss-kollbachtal.bayern\/index.php?rest_route=%2Fwp%2Fv2%2Fmedia&parent=91"}],"curies":[{"name":"wp","href":"https:\/\/api.w.org\/{rel}","templated":true}]}}

<h2 class="wp-block-heading"></h2>



<p>Informationspflicht (§13 und14 DSGVO)<br>Nach Artikel 13 und 14 EU-DSGVO hat der Verantwortliche einer betroffenen Person, deren Daten er verarbeitet, die in den Artikeln genannten Informationen bereit zu stellen. Dieser Informationspflicht kommt wir an dieser Stelle nach.</p>



<p>Identität des Verantwortlichen<br>Rot-Weiss-Kollbachtal e.V. <br>1. Vorstand Christian Regirt<br>84333 Malgersdorf</p>



<p>Zwecke, für die personenbezogenen Daten verarbeitet werden<br>Die personenbezogenen Daten werden für die Durchführung des Mitgliedschaftsverhältnisses verarbeitet (z.B. Einladung zu Versammlungen, Beitragseinzug, Organisation des Sportbetriebes).</p>



<p>Darüber hinaus werden personenbezogene Daten im Zusammenhang mit sportlichen Ereignissen einschließlich der Berichterstattung hierüber auf der Internetseite des Vereins, in Auftritten des Vereins in Sozialen Medien sowie auf Seiten der Fachverbände veröffentlicht und an lokale, regionale und überregionale Printmedien übermittelt.</p>



<p>Rechtsgrundlagen, auf Grund derer die Verarbeitung erfolgt<br>Die Verarbeitung der personenbezogenen Daten erfolgt in der Regel aufgrund der Erforderlichkeit zur Erfüllung eines Vertrages gemäß Artikel 6 Abs. 1 lit. b) DSGVO. Bei den Vertragsverhältnissen handelt es sich in erster Linie um das Mitgliedschaftsverhältnis im Verein und um die Teilnahme am Spielbetrieb der Fachverbände.<br>Werden personenbezogene Daten erhoben, ohne dass die Verarbeitung zur Erfüllung des Vertrages erforderlich ist, erfolgt die Verarbeitung aufgrund einer Einwilligung nach Artikel 6 Abs. 1 lit. a) i.V.m. Artikel 7 DSGVO.<br>Die Veröffentlichung personenbezogener Daten im Internet oder in lokalen, regionalen oder über-regionalen Printmedien erfolgt zur Wahrung berechtigter Interessen des Vereins (vgl. Artikel 6 Abs. 1 lit. f) DSGVO). Das berechtigte Interesse des Vereins besteht in der Information der Öffentlichkeit durch Berichtserstattung über die Aktivitäten des Vereins. In diesem Rahmen werden personenbezogene Daten einschließlich von Bildern der Teilnehmer zum Beispiel im Rahmen der Berichterstattung über sportliche Ereignisse des Vereins veröffentlicht.</p>



<p>Die Empfänger oder Kategorien von Empfängern der personenbezogenen Daten<br>Personenbezogene Daten der Mitglieder, die am Spiel- und Wettkampfbetrieb des BTV teilnehmen, werden zum Erwerb einer Lizenz, eines Spielerpasses oder sonstiger Teilnahmeberechtigung an den BTV weitergegeben.</p>



<p>Die personenbezogenen Daten werden für die Dauer der Mitgliedschaft gespeichert.</p>



<p>Mit Beendigung der Mitgliedschaft werden die Datenkategorien gemäß den gesetzlichen Aufbewahrungsfristen weitere zehn Jahre vorgehalten und dann gelöscht. In der Zeit zwischen Beendigung der Mitgliedschaft und der Löschung wird die Verarbeitung dieser Daten eingeschränkt.</p>



<p>Bestimmte Datenkategorien werden zum Zweck der Vereinschronik im Vereinsarchiv gespeichert. Hierbei handelt es sich um die Kategorien Vorname, Nachname, Zugehörigkeit zu einer Mannschaft, besondere sportliche Erfolge oder Ereignisse, an denen die betroffene Person mitgewirkt hat. Der Speicherung liegt ein berechtigtes Interesse des Vereins an der zeitgeschichtlichen Dokumentation von sportlichen Ereignissen und Erfolgen und der jeweiligen Zusammensetzung der Mannschaften zugrunde.</p>



<p>Alle Daten der übrigen Kategorien (z.B. Anschrift, Kontaktdaten) werden 2 Jahre Tage nach Beendigung der Mitgliedschaft gelöscht.</p>



<p>Der betroffenen Person stehen unter den in den Artikeln jeweils genannten Voraussetzungen die nachfolgenden Rechte zu:<br>das Recht auf Auskunft nach Artikel 15 DSGVO,<br>das Recht auf Berichtigung nach Artikel 16 DSGVO,<br>das Recht auf Löschung nach Artikel 17 DSGVO,<br>das Recht auf Einschränkung der Verarbeitung nach Artikel 18 DSGVO,<br>das Recht auf Datenübertragbarkeit nach Artikel 20 DSGVO,<br>das Widerspruchsrecht nach Artikel 21 DSGVO,<br>das Recht auf Beschwerde bei einer Aufsichtsbehörde nach Artikel 77 DSGVO<br>das Recht, eine erteilte Einwilligung jederzeit widerrufen zu können, ohne dass die Recht-mäßigkeit der aufgrund der Einwilligung bis zum Widerruf erfolgten Verarbeitung hierdurch berührt wird.</p>



<p>Die personenbezogenen Daten werden grundsätzlich im Rahmen des Erwerbs der Mitgliedschaft erhoben.</p>



<p>Betroffene haben das Recht, sich an die zuständige Aufsichtsbehörde zu wenden, die für den Verein zuständig ist:<br>Das Bayrische Landesamt für Datenschutzaufsicht in Ansbach.</p>



<p>Begriffsbestimmungen<br>a) personenbezogene Daten<br>Personenbezogene Daten sind alle Daten und Informationen, einer identifizierten oder identifizierbaren natürlichen Person (Betroffener). Als identifizierbar wird ein Betroffener angesehen, der direkt oder indirekt, durch Zuordnung zu einer Kennung wie einem Namen, zu einer Kennnummer, zu Standortdaten, zu einer Online-Kennung oder zu einem oder mehreren besonderen Merkmalen, die Ausdruck der physischen, physiologischen, genetischen, psychischen, wirtschaftlichen, kulturellen oder sozialen Identität dieser natürlichen Person sind, identifiziert werden kann.<br>b) Betroffene<br>Betroffene sind Personen deren personenbezogene Daten durch den Verantwortlichen verarbeitet werden.<br>c) Verarbeitung<br>Verarbeitung ist jeder Vorgang oder Vorgangsreihe im Zusammenhang mit personenbezogenen Daten wie das Erheben, das Erfassen, die Organisation, das Ordnen, die Speicherung, die Anpassung oder Veränderung, das Auslesen, das Abfragen, die Verwendung, die Offenlegung durch Übermittlung, Verbreitung oder eine andere Form der Bereitstellung, den Abgleich oder die Verknüpfung, die Einschränkung, das Löschen oder die Vernichtung.<br>d) Verantwortlicher<br>Verantwortlicher oder für die Verarbeitung Verantwortlicher ist das Unternehmen oder die Person, Behörde, Einrichtung oder andere Stelle, die allein oder gemeinsam mit anderen über die Verarbeitung der personenbezogenen Daten entscheidet.<br>e) Einwilligung<br>Einwilligung ist jede von der betroffenen Person freiwillig für einen bestimmten Fall in informierter und unmissverständlich Weise abgegebene Erklärung oder einer sonstigen eindeutigen bestätigenden Handlung, mit der die betroffene Person zu verstehen gibt, dass sie mit der Verarbeitung der sie betreffenden personenbezogenen Daten einverstanden ist.</p>
