{"id":114,"date":"2023-09-27T18:43:03","date_gmt":"2023-09-27T18:43:03","guid":{"rendered":"http:\/\/rot-weiss-kollbachtal.bayern\/?page_id=114"},"modified":"2024-02-01T17:50:12","modified_gmt":"2024-02-01T17:50:12","slug":"die-vorstandschaft","status":"publish","type":"page","link":"https:\/\/rot-weiss-kollbachtal.bayern\/?page_id=114","title":{"rendered":"Die Vorstandschaft"},"content":{"rendered":"\n<figure class=\"wp-block-image size-full\"><img fetchpriority=\"high\" decoding=\"async\" width=\"921\" height=\"689\" src=\"http:\/\/rot-weiss-kollbachtal.bayern\/wp-content\/uploads\/2024\/02\/Vorstandschaft2024.jpg\" alt=\"\" class=\"wp-image-206\" srcset=\"https:\/\/rot-weiss-kollbachtal.bayern\/wp-content\/uploads\/2024\/02\/Vorstandschaft2024.jpg 921w, https:\/\/rot-weiss-kollbachtal.bayern\/wp-content\/uploads\/2024\/02\/Vorstandschaft2024-600x449.jpg 600w, https:\/\/rot-weiss-kollbachtal.bayern\/wp-content\/uploads\/2024\/02\/Vorstandschaft2024-300x224.jpg 300w, https:\/\/rot-weiss-kollbachtal.bayern\/wp-content\/uploads\/2024\/02\/Vorstandschaft2024-768x575.jpg 768w\" sizes=\"(max-width: 921px) 100vw, 921px\" \/><\/figure>\n\n\n\n<ul class=\"wp-block-list\">\n<li>1: Vorstand: Christian Regirt<\/li>\n\n\n\n<li>2. Vorstand: Stefan Gabriel<\/li>\n\n\n\n<li>Kassier: Markus Jende<\/li>\n\n\n\n<li>Schriftf\u00fchrer:  Markus Stopfinger<\/li>\n\n\n\n<li>Beisitzer: Manuela Graf, Andreas Galliwoda, Werner Hierlmeier, Hans-J\u00fcrgen Hobmeier, G\u00fcnther Moosburner, G\u00fcnther Obermeier, Norbert Sammer, Stefan Schwab<\/li>\n<\/ul>\n","protected":false},"excerpt":{"rendered":"","protected":false},"author":1,"featured_media":0,"parent":0,"menu_order":0,"comment_status":"closed","ping_status":"closed","template":"","meta":{"site-sidebar-layout":"default","site-content-layout":"","ast-site-content-layout":"default","site-content-style":"default","site-sidebar-style":"default","ast-global-header-display":"","ast-banner-title-visibility":"","ast-main-header-display":"","ast-hfb-above-header-display":"","ast-hfb-below-header-display":"","ast-hfb-mobile-header-display":"","site-post-title":"","ast-breadcrumbs-content":"","ast-featured-img":"","footer-sml-layout":"","ast-disable-related-posts":"","theme-transparent-header-meta":"","adv-header-id-meta":"","stick-header-meta":"","header-above-stick-meta":"","header-main-stick-meta":"","header-below-stick-meta":"","astra-migrate-meta-layouts":"default","ast-page-background-enabled":"default","ast-page-background-meta":{"desktop":{"background-color":"var(--ast-global-color-4)","background-image":"","background-repeat":"repeat","background-position":"center center","background-size":"auto","background-attachment":"scroll","background-type":"","background-media":"","overlay-type":"","overlay-color":"","overlay-opacity":"","overlay-gradient":""},"tablet":{"background-color":"","background-image":"","background-repeat":"repeat","background-position":"center center","background-size":"auto","background-attachment":"scroll","background-type":"","background-media":"","overlay-type":"","overlay-color":"","overlay-opacity":"","overlay-gradient":""},"mobile":{"background-color":"","background-image":"","background-repeat":"repeat","background-position":"center center","background-size":"auto","background-attachment":"scroll","background-type":"","background-media":"","overlay-type":"","overlay-color":"","overlay-opacity":"","overlay-gradient":""}},"ast-content-background-meta":{"desktop":{"background-color":"var(--ast-global-color-5)","background-image":"","background-repeat":"repeat","background-position":"center center","background-size":"auto","background-attachment":"scroll","background-type":"","background-media":"","overlay-type":"","overlay-color":"","overlay-opacity":"","overlay-gradient":""},"tablet":{"background-color":"var(--ast-global-color-5)","background-image":"","background-repeat":"repeat","background-position":"center center","background-size":"auto","background-attachment":"scroll","background-type":"","background-media":"","overlay-type":"","overlay-color":"","overlay-opacity":"","overlay-gradient":""},"mobile":{"background-color":"var(--ast-global-color-5)","background-image":"","background-repeat":"repeat","background-position":"center center","background-size":"auto","background-attachment":"scroll","background-type":"","background-media":"","overlay-type":"","overlay-color":"","overlay-opacity":"","overlay-gradient":""}},"_price":"","_stock":"","_tribe_ticket_header":"","_tribe_default_ticket_provider":"","_tribe_ticket_capacity":"0","_ticket_start_date":"","_ticket_end_date":"","_tribe_ticket_show_description":"","_tribe_ticket_show_not_going":false,"_tribe_ticket_use_global_stock":"","_tribe_ticket_global_stock_level":"","_global_stock_mode":"","_global_stock_cap":"","_tribe_rsvp_for_event":"","_tribe_ticket_going_count":"","_tribe_ticket_not_going_count":"","_tribe_tickets_list":"[]","_tribe_ticket_has_attendee_info_fields":false,"footnotes":"","_tec_slr_enabled":"","_tec_slr_layout":""},"class_list":["post-114","page","type-page","status-publish","hentry"],"ticketed":false,"_links":{"self":[{"href":"https:\/\/rot-weiss-kollbachtal.bayern\/index.php?rest_route=\/wp\/v2\/pages\/114","targetHints":{"allow":["GET"]}}],"collection":[{"href":"https:\/\/rot-weiss-kollbachtal.bayern\/index.php?rest_route=\/wp\/v2\/pages"}],"about":[{"href":"https:\/\/rot-weiss-kollbachtal.bayern\/index.php?rest_route=\/wp\/v2\/types\/page"}],"author":[{"embeddable":true,"href":"https:\/\/rot-weiss-kollbachtal.bayern\/index.php?rest_route=\/wp\/v2\/users\/1"}],"replies":[{"embeddable":true,"href":"https:\/\/rot-weiss-kollbachtal.bayern\/index.php?rest_route=%2Fwp%2Fv2%2Fcomments&post=114"}],"version-history":[{"count":8,"href":"https:\/\/rot-weiss-kollbachtal.bayern\/index.php?rest_route=\/wp\/v2\/pages\/114\/revisions"}],"predecessor-version":[{"id":207,"href":"https:\/\/rot-weiss-kollbachtal.bayern\/index.php?rest_route=\/wp\/v2\/pages\/114\/revisions\/207"}],"wp:attachment":[{"href":"https:\/\/rot-weiss-kollbachtal.bayern\/index.php?rest_route=%2Fwp%2Fv2%2Fmedia&parent=114"}],"curies":[{"name":"wp","href":"https:\/\/api.w.org\/{rel}","templated":true}]}}